{"id":633,"date":"2026-08-23T05:45:32","date_gmt":"2026-08-23T05:45:32","guid":{"rendered":"https:\/\/aepinhel.org\/site\/?page_id=633"},"modified":"2026-08-23T14:06:08","modified_gmt":"2026-08-23T14:06:08","slug":"calendario-escolar-2026-2027-2","status":"publish","type":"page","link":"https:\/\/aepinhel.org\/site\/calendario-escolar-2026-2027-2\/","title":{"rendered":"Calend\u00e1rio Escolar 2026-2027"},"content":{"rendered":"\n\n\n<p style=\"text-align: justify;\"><font size=\"3\">O <\/font><span style=\"text-align: left;\"><font size=\"3\"><a href=\"https:\/\/diariodarepublica.pt\/dr\/detalhe\/despacho\/8368-2024-873447631\" target=\"_blank\">Despacho n.\u00ba 8368\/2024<\/a> define o calend\u00e1rio escolar para os ensinos pr\u00e9-escolar, b\u00e1sico e secund\u00e1rio para os anos letivos: 2024-2025 a 2027-2028.<\/font><\/span><\/p><p>&nbsp;<\/p>\n\n<p [object NamedNodeMap]><span style=\"text-align: left;\"><font size=\"3\"><strong>Calend\u00e1rio Escolar 2026-2027 aprovado pelo Conselho Geral de 27 de julho de 2026<\/strong><\/font><\/span><\/p>\n\n\n\n\n\n<iframe loading=\"lazy\" src=\"https:\/\/aepinhel.org\/site\/wp-content\/uploads\/2026\/08\/CalendarioEscolar-2026-2027.pdf\" width=\"100%\" height=\"600px\">\n  O seu navegador n\u00e3o suporta a visualiza\u00e7\u00e3o de PDFs.\n.<\/iframe>\n\n\n","protected":false},"excerpt":{"rendered":"","protected":false},"author":1,"featured_media":0,"parent":0,"menu_order":0,"comment_status":"closed","ping_status":"closed","template":"","meta":{"pagelayer_contact_templates":[],"_pagelayer_content":"","footnotes":""},"class_list":["post-633","page","type-page","status-publish","hentry"],"_links":{"self":[{"href":"https:\/\/aepinhel.org\/site\/wp-json\/wp\/v2\/pages\/633","targetHints":{"allow":["GET"]}}],"collection":[{"href":"https:\/\/aepinhel.org\/site\/wp-json\/wp\/v2\/pages"}],"about":[{"href":"https:\/\/aepinhel.org\/site\/wp-json\/wp\/v2\/types\/page"}],"author":[{"embeddable":true,"href":"https:\/\/aepinhel.org\/site\/wp-json\/wp\/v2\/users\/1"}],"replies":[{"embeddable":true,"href":"https:\/\/aepinhel.org\/site\/wp-json\/wp\/v2\/comments?post=633"}],"version-history":[{"count":8,"href":"https:\/\/aepinhel.org\/site\/wp-json\/wp\/v2\/pages\/633\/revisions"}],"predecessor-version":[{"id":702,"href":"https:\/\/aepinhel.org\/site\/wp-json\/wp\/v2\/pages\/633\/revisions\/702"}],"wp:attachment":[{"href":"https:\/\/aepinhel.org\/site\/wp-json\/wp\/v2\/media?parent=633"}],"curies":[{"name":"wp","href":"https:\/\/api.w.org\/{rel}","templated":true}]}}

Calendário Escolar 2026-2027

<p style="text-align: justify;"><font size="3">O </font><span style="text-align: left;"><font size="3"><a href="https://diariodarepublica.pt/dr/detalhe/despacho/8368-2024-873447631" target="_blank">Despacho n.º 8368/2024</a> define o calendário escolar para os ensinos pré-escolar, básico e secundário para os anos letivos: 2024-2025 a 2027-2028.</font></span></p><p>&nbsp;</p>

<p [object NamedNodeMap]><span style="text-align: left;"><font size="3"><strong>Calendário Escolar 2026-2027 aprovado pelo Conselho Geral de 27 de julho de 2026</strong></font></span></p>





<iframe loading="lazy" src="https://aepinhel.org/site/wp-content/uploads/2026/08/CalendarioEscolar-2026-2027.pdf" width="100%" height="600px">
  O seu navegador não suporta a visualização de PDFs.
.</iframe>
