{"id":79,"date":"2026-08-08T06:19:43","date_gmt":"2026-08-08T06:19:43","guid":{"rendered":"https:\/\/aepinhel.org\/site\/?page_id=79"},"modified":"2026-09-01T00:20:06","modified_gmt":"2026-09-01T00:20:06","slug":"conselho-geral","status":"publish","type":"page","link":"https:\/\/aepinhel.org\/site\/conselho-geral\/","title":{"rendered":"Conselho Geral"},"content":{"rendered":"\n\n\n<p style=\"text-align: justify;\">O<span style=\"font-size: medium;\"> Conselho Geral \u00e9 o \u00f3rg\u00e3o de dire\u00e7\u00e3o estrat\u00e9gica, respons\u00e1vel pela defini\u00e7\u00e3o das linhas orientadoras da atividade do Agrupamento, assegurando a participa\u00e7\u00e3o e representa\u00e7\u00e3o da Comunidade Educativa composta por representantes dos docentes, dos Pais e Encarregados de Educa\u00e7\u00e3o, do pessoal n\u00e3o docente, da autarquia local e das atividades de car\u00e1cter cultural, art\u00edstico, cient\u00edfico, ambiental e econ\u00f3mico da comunidade local.\n<br>\n\u00c9 a ele que compete, tamb\u00e9m, a aprova\u00e7\u00e3o das regras fundamentais do funcionamento da Escola (<strong>regulamento interno<\/strong>), a tomada de decis\u00f5es estrat\u00e9gicas e de planeamento (<strong>projeto educativo e plano de atividades<\/strong>) bem como o acompanhamento da sua concretiza\u00e7\u00e3o (<strong>relat\u00f3rio anual do plano de atividades<\/strong>). \n<br>\nOs Conselhos Gerais resultam da publica\u00e7\u00e3o do Decreto-Lei n.\u00ba 75\/2008, republicado pelo Decreto- Lei n.\u00ba 137\/2012 de 2 de julho, que aprova o regime de autonomia, administra\u00e7\u00e3o e gest\u00e3o dos estabelecimentos p\u00fablicos da rede pr\u00e9-escolar e dos ensinos b\u00e1sico e secund\u00e1rio.<\/span><\/p>\n\n\n\n\n<p style=\"text-align: justify;\">O<span style=\"font-size:medium;\"> Conselho Geral re\u00fane ordinariamente uma vez por trimestre e extraordinariamente sempre que seja convocada pelo respectivo presidente, por sua iniciativa, a requerimento de um ter\u00e7o dos seus membros em efetividade de fun\u00e7\u00f5es ou por solicita\u00e7\u00e3o do Diretor.\n<br>\nAs reuni\u00f5es do Conselho Geral devem ser marcadas em hor\u00e1rio que permita a participa\u00e7\u00e3o de todos os seus membros.\n<br>\n<br><strong>\nComposi\u00e7\u00e3o\n<\/strong><br>\nO n\u00famero de membros do Conselho Geral do Agrupamento de Escolas de Pinhel \u00e9 de 21 membros, distribu\u00eddos da seguinte forma:\n<br>&nbsp;&#8211; 7 representantes do pessoal docente\n<br>&nbsp;&#8211; 2 representantes do pessoal n\u00e3o docente\n<br>&nbsp;&#8211; 5 representantes&nbsp;<\/span><span style=\"font-size: medium; text-align: left;\">dos Pais e Encarregados de Educa\u00e7\u00e3o<\/span><span style=\"font-size:medium;\"><br>&nbsp;&#8211; 3 representantes do Munic\u00edpio<br>&nbsp;&#8211; 3 representantes da Comunidade Local<br>&nbsp;&#8211; 1 representante dos Alunos (Secund\u00e1rio)<br>O Diretor participa nas reuni\u00f5es do Conselho Geral, sem direito a voto.<\/span><\/p>\n\n\n\n\n\n\n\n\n<p align=left><img decoding=\"async\" src=\"https:\/\/aepinhel.org\/site\/wp-content\/uploads\/2026\/08\/carla_1.png\" width=\"100\"><\/p>\n<p align=left><strong>Presidente: <\/strong>Carla Alexandra Sampaio Sobral dos Santos<\/p>\n\n\n<p style=\"text-align: justify;\"><span style=\"font-size:medium;\"><span style=\"font-size:medium;\"><p style=\"text-align: justify;\">O Presidente do Conselho Geral \u00e9 eleito por maioria absoluta dos votos dos membros do Conselho Geral em efetividade de fun\u00e7\u00f5es.\n<\/p>\nAo Presidente do Conselho Geral compete, sem preju\u00edzo do disposto no Regimento deste \u00f3rg\u00e3o:\n<br>\n &#8211; Representar o Conselho Geral do Agrupamento;<br>\n &#8211; Convocar as sess\u00f5es ordin\u00e1rias e extraordin\u00e1rias;  <br> &#8211; Admitir ou rejeitar as propostas, reclama\u00e7\u00f5es e requerimentos, verificada que seja a sua regularidade regimental; <br> &#8211; Dirigir os trabalhos e manter a disciplina das sess\u00f5es; <br> &#8211; Presidir \u00e0s sess\u00f5es, declarar a sua abertura, suspens\u00e3o e encerramento; <br> &#8211; Conceder a palavra aos membros do Conselho Geral;  <br> &#8211; Limitar, nos termos decididos em plen\u00e1rio, o tempo do uso da palavra;  <br> &#8211; Dar, ao Conselho Geral, oportuno conhecimento das informa\u00e7\u00f5es, explica\u00e7\u00f5es e convites que lhe forem dirigidos;  <br> &#8211; Tornar p\u00fablicos, os regulamentos e demais delibera\u00e7\u00f5es aprovadas pelo Conselho Geral, nos meios de comunica\u00e7\u00e3o internos, podendo ainda ser divulgados na imprensa local; <br> &#8211; Dar conhecimento com anteced\u00eancia m\u00ednima de cinco dias, salvo caso de urg\u00eancia, da data, hora, local, e ordem de trabalhos das sess\u00f5es ordin\u00e1rias e extraordin\u00e1rias do Conselho Geral;  <br> &#8211; Diligenciar para que o Diretor forne\u00e7a, em tempo \u00fatil, as informa\u00e7\u00f5es pedidas pelos membros do Conselho Geral;  <br> &#8211; Comunicar ao Diretor, Conselho Pedag\u00f3gico, Conselho Administrativo e demais entidades, o resultado das vota\u00e7\u00f5es respeitantes a esses \u00d3rg\u00e3os ou entidades; <br> &#8211; Assegurar o cumprimento do Regimento e das delibera\u00e7\u00f5es do Conselho Geral do Agrupamento de Escolas;<br> &#8211; Exercer os demais poderes que lhe sejam atribu\u00eddos por Lei, pelo Regulamento Interno, pelo Regimento ou por delibera\u00e7\u00e3o do plen\u00e1rio; <br> &#8211; Sujeitar a minuta de ata \u00e0 aprova\u00e7\u00e3o do Conselho Geral; <br> &#8211; Proceder \u00e0 homologa\u00e7\u00e3o dos resultados das elei\u00e7\u00f5es do Diretor, ap\u00f3s verificar a regularidade do processo eleitoral, conferindo posse aos respetivos elementos, nos trinta dias subsequentes \u00e0 elei\u00e7\u00e3o; <br> &#8211; Nomear o 1\u00ba Secret\u00e1rio e o 2\u00ba Secret\u00e1rio em efetividade de fun\u00e7\u00f5es, excetuando o Representante dos Alunos.<\/span> <\/span><\/p>\n\n\n\n\n\n\n<span style=\"font-size:medium;\"><p>O n\u00famero de membros do Conselho Geral do Agrupamento de Escolas de Pinhel \u00e9 de 21 membros, distribu\u00eddos da seguinte forma:<\/p><p>&nbsp;&#8211; 7 representantes do <strong>Pessoal Docente<\/strong><br> &nbsp;&nbsp;&nbsp;&nbsp;&nbsp;&nbsp;&nbsp;&nbsp;&#8211; Ant\u00f3nio Jorge Pinto F\u00e9lix<br> &nbsp;&nbsp;&nbsp;&nbsp;&nbsp;&nbsp;&nbsp;&nbsp;&#8211; Carla Alexandra Sampaio Sobral dos Santos<br> &nbsp;&nbsp;&nbsp;&nbsp;&nbsp;&nbsp;&nbsp;&nbsp;&#8211; Carminda dos Santos Monteiro<br> &nbsp;&nbsp;&nbsp;&nbsp;&nbsp;&nbsp;&nbsp;&nbsp;&#8211; Isabel Maria Aragonez Dias Lopes<br> &nbsp;&nbsp;&nbsp;&nbsp;&nbsp;&nbsp;&nbsp;&nbsp;&#8211; Irene da Concei\u00e7\u00e3o Lopes L. Santos<br> &nbsp;&nbsp;&nbsp;&nbsp;&nbsp;&nbsp;&nbsp;&nbsp;&#8211; Maria Gl\u00f3ria Guilhoto Pires Casalta<br> &nbsp;&nbsp;&nbsp;&nbsp;&nbsp;&nbsp;&nbsp;&nbsp;&#8211; Silvia Alves Correia Amaro<p>&nbsp;&#8211; 2 representantes do <strong>Pessoal N\u00e3o Docente <\/strong><br> &nbsp;&nbsp;&nbsp;&nbsp;&nbsp;&nbsp;&nbsp;&nbsp;&#8211; Carlos Jos\u00e9 da Silva<br> &nbsp;&nbsp;&nbsp;&nbsp;&nbsp;&nbsp;&nbsp;&nbsp;&#8211; Maria da Nazar\u00e9 Guilhoto Mendo Pereira<\/p><p>&nbsp;&#8211; 5 representantes dos <strong>Pais e Encarregados de Educa\u00e7\u00e3o<\/strong><br> &nbsp;&nbsp;&nbsp;&nbsp;&nbsp;&nbsp;&nbsp;&nbsp;&#8211; Clotilde Almeida Silva<br> &nbsp;&nbsp;&nbsp;&nbsp;&nbsp;&nbsp;&nbsp;&nbsp;&#8211; Hugo Miguel Pires Santos Coelho<br> &nbsp;&nbsp;&nbsp;&nbsp;&nbsp;&nbsp;&nbsp;&nbsp;&#8211; Joana Rita Almeida Bara\u00e7as<br> &nbsp;&nbsp;&nbsp;&nbsp;&nbsp;&nbsp;&nbsp;&nbsp;&#8211; Manuela dos Santos Nunes Teixeira<br> &nbsp;&nbsp;&nbsp;&nbsp;&nbsp;&nbsp;&nbsp;&nbsp;&#8211; Sandra Manuela Fernandes Pacheco<\/p><p>&nbsp;&#8211; 3 representantes do <strong>Munic\u00edpio<\/strong><br> &nbsp;&nbsp;&nbsp;&nbsp;&nbsp;&nbsp;&nbsp;&nbsp;&#8211; Daniela Patr\u00edcia Monteiro Capelo<br> &nbsp;&nbsp;&nbsp;&nbsp;&nbsp;&nbsp;&nbsp;&nbsp;&#8211; Cl\u00e1udia Sofia Pereira dos Santos Pires<br> &nbsp;&nbsp;&nbsp;&nbsp;&nbsp;&nbsp;&nbsp;&nbsp;&#8211; Silvia Lu\u00edsa Monteiro Rodrigues<\/p><p>&nbsp;&#8211; 3 representantes da <strong>Comunidade Local<\/strong><br> &nbsp;&nbsp;&nbsp;&nbsp;&nbsp;&nbsp;&nbsp;&nbsp;&#8211; Lurdes da Concei\u00e7\u00e3o Moura Henrique<br> &nbsp;&nbsp;&nbsp;&nbsp;&nbsp;&nbsp;&nbsp;&nbsp;&#8211; Isabel Maria Pires Marcelino Baptista<br> &nbsp;&nbsp;&nbsp;&nbsp;&nbsp;&nbsp;&nbsp;&nbsp;&#8211; Rui Manuel Saraiva Ventura<\/p><p>&nbsp;&#8211; 1 representante dos <strong>Alunos <\/strong>(Secund\u00e1rio)<br> &nbsp;&nbsp;&nbsp;&nbsp;&nbsp;&nbsp;&nbsp;&nbsp;&#8211; Matilde Monteiro Lopes<\/p><\/p><\/span><p><div><\/div><\/p>\n\n\n\n\n\n\n\n","protected":false},"excerpt":{"rendered":"","protected":false},"author":1,"featured_media":0,"parent":0,"menu_order":0,"comment_status":"closed","ping_status":"closed","template":"","meta":{"pagelayer_contact_templates":[],"_pagelayer_content":"","footnotes":""},"class_list":["post-79","page","type-page","status-publish","hentry"],"_links":{"self":[{"href":"https:\/\/aepinhel.org\/site\/wp-json\/wp\/v2\/pages\/79","targetHints":{"allow":["GET"]}}],"collection":[{"href":"https:\/\/aepinhel.org\/site\/wp-json\/wp\/v2\/pages"}],"about":[{"href":"https:\/\/aepinhel.org\/site\/wp-json\/wp\/v2\/types\/page"}],"author":[{"embeddable":true,"href":"https:\/\/aepinhel.org\/site\/wp-json\/wp\/v2\/users\/1"}],"replies":[{"embeddable":true,"href":"https:\/\/aepinhel.org\/site\/wp-json\/wp\/v2\/comments?post=79"}],"version-history":[{"count":35,"href":"https:\/\/aepinhel.org\/site\/wp-json\/wp\/v2\/pages\/79\/revisions"}],"predecessor-version":[{"id":832,"href":"https:\/\/aepinhel.org\/site\/wp-json\/wp\/v2\/pages\/79\/revisions\/832"}],"wp:attachment":[{"href":"https:\/\/aepinhel.org\/site\/wp-json\/wp\/v2\/media?parent=79"}],"curies":[{"name":"wp","href":"https:\/\/api.w.org\/{rel}","templated":true}]}}

<p style="text-align: justify;">O<span style="font-size: medium;"> Conselho Geral é o órgão de direção estratégica, responsável pela definição das linhas orientadoras da atividade do Agrupamento, assegurando a participação e representação da Comunidade Educativa composta por representantes dos docentes, dos Pais e Encarregados de Educação, do pessoal não docente, da autarquia local e das atividades de carácter cultural, artístico, científico, ambiental e económico da comunidade local.
<br>
É a ele que compete, também, a aprovação das regras fundamentais do funcionamento da Escola (<strong>regulamento interno</strong>), a tomada de decisões estratégicas e de planeamento (<strong>projeto educativo e plano de atividades</strong>) bem como o acompanhamento da sua concretização (<strong>relatório anual do plano de atividades</strong>). 
<br>
Os Conselhos Gerais resultam da publicação do Decreto-Lei n.º 75/2008, republicado pelo Decreto- Lei n.º 137/2012 de 2 de julho, que aprova o regime de autonomia, administração e gestão dos estabelecimentos públicos da rede pré-escolar e dos ensinos básico e secundário.</span></p>




<p style="text-align: justify;">O<span style="font-size:medium;"> Conselho Geral reúne ordinariamente uma vez por trimestre e extraordinariamente sempre que seja convocada pelo respectivo presidente, por sua iniciativa, a requerimento de um terço dos seus membros em efetividade de funções ou por solicitação do Diretor.
<br>
As reuniões do Conselho Geral devem ser marcadas em horário que permita a participação de todos os seus membros.
<br>
<br><strong>
Composição
</strong><br>
O número de membros do Conselho Geral do Agrupamento de Escolas de Pinhel é de 21 membros, distribuídos da seguinte forma:
<br>&nbsp;&#8211; 7 representantes do pessoal docente
<br>&nbsp;&#8211; 2 representantes do pessoal não docente
<br>&nbsp;&#8211; 5 representantes&nbsp;</span><span style="font-size: medium; text-align: left;">dos Pais e Encarregados de Educação</span><span style="font-size:medium;"><br>&nbsp;&#8211; 3 representantes do Município<br>&nbsp;&#8211; 3 representantes da Comunidade Local<br>&nbsp;&#8211; 1 representante dos Alunos (Secundário)<br>O Diretor participa nas reuniões do Conselho Geral, sem direito a voto.</span></p>








<p align=left><img decoding="async" src="https://aepinhel.org/site/wp-content/uploads/2026/08/carla_1.png" width="100"></p>
<p align=left><strong>Presidente: </strong>Carla Alexandra Sampaio Sobral dos Santos</p>


<p style="text-align: justify;"><span style="font-size:medium;"><span style="font-size:medium;"><p style="text-align: justify;">O Presidente do Conselho Geral é eleito por maioria absoluta dos votos dos membros do Conselho Geral em efetividade de funções.
</p>
Ao Presidente do Conselho Geral compete, sem prejuízo do disposto no Regimento deste órgão:
<br>
 &#8211; Representar o Conselho Geral do Agrupamento;<br>
 &#8211; Convocar as sessões ordinárias e extraordinárias;  <br> &#8211; Admitir ou rejeitar as propostas, reclamações e requerimentos, verificada que seja a sua regularidade regimental; <br> &#8211; Dirigir os trabalhos e manter a disciplina das sessões; <br> &#8211; Presidir às sessões, declarar a sua abertura, suspensão e encerramento; <br> &#8211; Conceder a palavra aos membros do Conselho Geral;  <br> &#8211; Limitar, nos termos decididos em plenário, o tempo do uso da palavra;  <br> &#8211; Dar, ao Conselho Geral, oportuno conhecimento das informações, explicações e convites que lhe forem dirigidos;  <br> &#8211; Tornar públicos, os regulamentos e demais deliberações aprovadas pelo Conselho Geral, nos meios de comunicação internos, podendo ainda ser divulgados na imprensa local; <br> &#8211; Dar conhecimento com antecedência mínima de cinco dias, salvo caso de urgência, da data, hora, local, e ordem de trabalhos das sessões ordinárias e extraordinárias do Conselho Geral;  <br> &#8211; Diligenciar para que o Diretor forneça, em tempo útil, as informações pedidas pelos membros do Conselho Geral;  <br> &#8211; Comunicar ao Diretor, Conselho Pedagógico, Conselho Administrativo e demais entidades, o resultado das votações respeitantes a esses Órgãos ou entidades; <br> &#8211; Assegurar o cumprimento do Regimento e das deliberações do Conselho Geral do Agrupamento de Escolas;<br> &#8211; Exercer os demais poderes que lhe sejam atribuídos por Lei, pelo Regulamento Interno, pelo Regimento ou por deliberação do plenário; <br> &#8211; Sujeitar a minuta de ata à aprovação do Conselho Geral; <br> &#8211; Proceder à homologação dos resultados das eleições do Diretor, após verificar a regularidade do processo eleitoral, conferindo posse aos respetivos elementos, nos trinta dias subsequentes à eleição; <br> &#8211; Nomear o 1º Secretário e o 2º Secretário em efetividade de funções, excetuando o Representante dos Alunos.</span> </span></p>






<span style="font-size:medium;"><p>O número de membros do Conselho Geral do Agrupamento de Escolas de Pinhel é de 21 membros, distribuídos da seguinte forma:</p><p>&nbsp;&#8211; 7 representantes do <strong>Pessoal Docente</strong><br> &nbsp;&nbsp;&nbsp;&nbsp;&nbsp;&nbsp;&nbsp;&nbsp;&#8211; António Jorge Pinto Félix<br> &nbsp;&nbsp;&nbsp;&nbsp;&nbsp;&nbsp;&nbsp;&nbsp;&#8211; Carla Alexandra Sampaio Sobral dos Santos<br> &nbsp;&nbsp;&nbsp;&nbsp;&nbsp;&nbsp;&nbsp;&nbsp;&#8211; Carminda dos Santos Monteiro<br> &nbsp;&nbsp;&nbsp;&nbsp;&nbsp;&nbsp;&nbsp;&nbsp;&#8211; Isabel Maria Aragonez Dias Lopes<br> &nbsp;&nbsp;&nbsp;&nbsp;&nbsp;&nbsp;&nbsp;&nbsp;&#8211; Irene da Conceição Lopes L. Santos<br> &nbsp;&nbsp;&nbsp;&nbsp;&nbsp;&nbsp;&nbsp;&nbsp;&#8211; Maria Glória Guilhoto Pires Casalta<br> &nbsp;&nbsp;&nbsp;&nbsp;&nbsp;&nbsp;&nbsp;&nbsp;&#8211; Silvia Alves Correia Amaro<p>&nbsp;&#8211; 2 representantes do <strong>Pessoal Não Docente </strong><br> &nbsp;&nbsp;&nbsp;&nbsp;&nbsp;&nbsp;&nbsp;&nbsp;&#8211; Carlos José da Silva<br> &nbsp;&nbsp;&nbsp;&nbsp;&nbsp;&nbsp;&nbsp;&nbsp;&#8211; Maria da Nazaré Guilhoto Mendo Pereira</p><p>&nbsp;&#8211; 5 representantes dos <strong>Pais e Encarregados de Educação</strong><br> &nbsp;&nbsp;&nbsp;&nbsp;&nbsp;&nbsp;&nbsp;&nbsp;&#8211; Clotilde Almeida Silva<br> &nbsp;&nbsp;&nbsp;&nbsp;&nbsp;&nbsp;&nbsp;&nbsp;&#8211; Hugo Miguel Pires Santos Coelho<br> &nbsp;&nbsp;&nbsp;&nbsp;&nbsp;&nbsp;&nbsp;&nbsp;&#8211; Joana Rita Almeida Baraças<br> &nbsp;&nbsp;&nbsp;&nbsp;&nbsp;&nbsp;&nbsp;&nbsp;&#8211; Manuela dos Santos Nunes Teixeira<br> &nbsp;&nbsp;&nbsp;&nbsp;&nbsp;&nbsp;&nbsp;&nbsp;&#8211; Sandra Manuela Fernandes Pacheco</p><p>&nbsp;&#8211; 3 representantes do <strong>Município</strong><br> &nbsp;&nbsp;&nbsp;&nbsp;&nbsp;&nbsp;&nbsp;&nbsp;&#8211; Daniela Patrícia Monteiro Capelo<br> &nbsp;&nbsp;&nbsp;&nbsp;&nbsp;&nbsp;&nbsp;&nbsp;&#8211; Cláudia Sofia Pereira dos Santos Pires<br> &nbsp;&nbsp;&nbsp;&nbsp;&nbsp;&nbsp;&nbsp;&nbsp;&#8211; Silvia Luísa Monteiro Rodrigues</p><p>&nbsp;&#8211; 3 representantes da <strong>Comunidade Local</strong><br> &nbsp;&nbsp;&nbsp;&nbsp;&nbsp;&nbsp;&nbsp;&nbsp;&#8211; Lurdes da Conceição Moura Henrique<br> &nbsp;&nbsp;&nbsp;&nbsp;&nbsp;&nbsp;&nbsp;&nbsp;&#8211; Isabel Maria Pires Marcelino Baptista<br> &nbsp;&nbsp;&nbsp;&nbsp;&nbsp;&nbsp;&nbsp;&nbsp;&#8211; Rui Manuel Saraiva Ventura</p><p>&nbsp;&#8211; 1 representante dos <strong>Alunos </strong>(Secundário)<br> &nbsp;&nbsp;&nbsp;&nbsp;&nbsp;&nbsp;&nbsp;&nbsp;&#8211; Matilde Monteiro Lopes</p></p></span><p><div></div></p>
