{"id":81,"date":"2026-08-08T06:19:43","date_gmt":"2026-08-08T06:19:43","guid":{"rendered":"https:\/\/aepinhel.org\/site\/?page_id=81"},"modified":"2026-09-02T21:18:24","modified_gmt":"2026-09-02T21:18:24","slug":"conselho-pedagogico","status":"publish","type":"page","link":"https:\/\/aepinhel.org\/site\/conselho-pedagogico\/","title":{"rendered":"Conselho Pedag\u00f3gico"},"content":{"rendered":"\n\n\n<p style=\"font-size: medium; text-align: justify;\">O Conselho Pedag\u00f3gico \u00e9 o \u00f3rg\u00e3o de Coordena\u00e7\u00e3o e Supervis\u00e3o Pedag\u00f3gica e Orienta\u00e7\u00e3o Educativa do Agrupamento, nomeadamente no dom\u00ednio pedag\u00f3gico-did\u00e1tico, da orienta\u00e7\u00e3o e acompanhamento dos alunos e da forma\u00e7\u00e3o inicial e cont\u00ednua do pessoal docente.&nbsp;<\/p>\n\n\n\n\n<p style=\"text-align: center;\"><strong>Composi\u00e7\u00e3o do Conselho Peda<span style=\"font-size:medium;\"><\/span>g\u00f3gico 2026\/2030<\/strong>&nbsp;<\/p>\n\n\n\n\n\n\nCargo\/Coordenador\/Representante&nbsp;\nNome\n\n\nDiretor\nAnt\u00f3nio Soares Marques\n\n\nDepartamento da Educa\u00e7\u00e3o Pr\u00e9- Escolar\nVirginia Maria dos Santos\n\n\nDepartamento do 1.\u00ba Ciclo do Ensino B\u00e1sico\nJoaquim Afonso Cunha Pinharanda\n\n\nDepartamento de L\u00ednguas\nDulce Helena da Silva Rodrigues\n\n\nDepartamento de Matem\u00e1tica e Ci\u00eancias e Experimentais\nGast\u00e3o Carlos Branco Antunes\n\n\nDepartamento de Ci\u00eancias Sociais e Humanas\nMaria do C\u00e9u Monteiro Madeira Ferreira\n\n\nDepartamento das Express\u00f5es\nJoaquim Carlos Ramalho Pina\n\n\n&nbsp;Coordenador dos Conselhos de Diretores de Turma do 2.\u00ba Ciclo\nSandra Maria Salvado Canarias Pinto\n\n\n&nbsp;Coordenador dos Conselhos de Diretores de Turma do 3\u00ba Ciclo\nVirg\u00ednia Gaspar Coito Lopes\n\n\n&nbsp;&nbsp;Coordenador do Conselho de Diretores de Turma do Ensino Secund\u00e1rio\nAlina Cristina Ferreira Saraiva\n\n\n&nbsp;Coordenador dos Cursos Profissionais\nAna Maria Alpendre Elias\n\n\n&nbsp;Coordenador da Equipa das Bibliotecas Escolares\nManuel Sabino Gomes Perestrelo\n\n\n&nbsp;Coordenador do SPO\nAna Margarida Antunes Cariano\n\n\n&nbsp;Coordenador de Clubes e Projetos Pedag\u00f3gicos\nV\u00edtor Manuel Pinto da Cunha\n\n\n\n\n","protected":false},"excerpt":{"rendered":"","protected":false},"author":1,"featured_media":0,"parent":0,"menu_order":0,"comment_status":"closed","ping_status":"closed","template":"","meta":{"pagelayer_contact_templates":[],"_pagelayer_content":"","footnotes":""},"class_list":["post-81","page","type-page","status-publish","hentry"],"_links":{"self":[{"href":"https:\/\/aepinhel.org\/site\/wp-json\/wp\/v2\/pages\/81","targetHints":{"allow":["GET"]}}],"collection":[{"href":"https:\/\/aepinhel.org\/site\/wp-json\/wp\/v2\/pages"}],"about":[{"href":"https:\/\/aepinhel.org\/site\/wp-json\/wp\/v2\/types\/page"}],"author":[{"embeddable":true,"href":"https:\/\/aepinhel.org\/site\/wp-json\/wp\/v2\/users\/1"}],"replies":[{"embeddable":true,"href":"https:\/\/aepinhel.org\/site\/wp-json\/wp\/v2\/comments?post=81"}],"version-history":[{"count":10,"href":"https:\/\/aepinhel.org\/site\/wp-json\/wp\/v2\/pages\/81\/revisions"}],"predecessor-version":[{"id":889,"href":"https:\/\/aepinhel.org\/site\/wp-json\/wp\/v2\/pages\/81\/revisions\/889"}],"wp:attachment":[{"href":"https:\/\/aepinhel.org\/site\/wp-json\/wp\/v2\/media?parent=81"}],"curies":[{"name":"wp","href":"https:\/\/api.w.org\/{rel}","templated":true}]}}

Conselho Pedagógico

<p style="font-size: medium; text-align: justify;">O Conselho Pedagógico é o órgão de Coordenação e Supervisão Pedagógica e Orientação Educativa do Agrupamento, nomeadamente no domínio pedagógico-didático, da orientação e acompanhamento dos alunos e da formação inicial e contínua do pessoal docente.&nbsp;</p>




<p style="text-align: center;"><strong>Composição do Conselho Peda<span style="font-size:medium;"></span>gógico 2026/2030</strong>&nbsp;</p>






Cargo/Coordenador/Representante&nbsp;
Nome


Diretor
António Soares Marques


Departamento da Educação Pré- Escolar
Virginia Maria dos Santos


Departamento do 1.º Ciclo do Ensino Básico
Joaquim Afonso Cunha Pinharanda


Departamento de Línguas
Dulce Helena da Silva Rodrigues


Departamento de Matemática e Ciências e Experimentais
Gastão Carlos Branco Antunes


Departamento de Ciências Sociais e Humanas
Maria do Céu Monteiro Madeira Ferreira


Departamento das Expressões
Joaquim Carlos Ramalho Pina


&nbsp;Coordenador dos Conselhos de Diretores de Turma do 2.º Ciclo
Sandra Maria Salvado Canarias Pinto


&nbsp;Coordenador dos Conselhos de Diretores de Turma do 3º Ciclo
Virgínia Gaspar Coito Lopes


&nbsp;&nbsp;Coordenador do Conselho de Diretores de Turma do Ensino Secundário
Alina Cristina Ferreira Saraiva


&nbsp;Coordenador dos Cursos Profissionais
Ana Maria Alpendre Elias


&nbsp;Coordenador da Equipa das Bibliotecas Escolares
Manuel Sabino Gomes Perestrelo


&nbsp;Coordenador do SPO
Ana Margarida Antunes Cariano


&nbsp;Coordenador de Clubes e Projetos Pedagógicos
Vítor Manuel Pinto da Cunha
