{"id":82,"date":"2026-08-08T06:19:43","date_gmt":"2026-08-08T06:19:43","guid":{"rendered":"https:\/\/aepinhel.org\/site\/?page_id=82"},"modified":"2026-09-01T00:29:43","modified_gmt":"2026-09-01T00:29:43","slug":"conselho-administrativo","status":"publish","type":"page","link":"https:\/\/aepinhel.org\/site\/conselho-administrativo\/","title":{"rendered":"Conselho Administrativo"},"content":{"rendered":"\n\n\n<p style=\"font-size: medium; text-align: justify;\">O Conselho Administrativo \u00e9 o \u00f3rg\u00e3o deliberativo em mat\u00e9ria administrativo-financeira do Agrupamento, nos termos da Lei em vigor.&nbsp;<\/p>\n\n\n\n\n<p style=\"text-align: center;\"><span style=\"font-weight: bolder; text-align: center;\">Compet\u00eancias<\/span><span style=\"text-align: center;\">&nbsp;<\/span><\/p>\n\n\n\n\n<p style=\"font-size: medium; text-align: justify;\">Sem preju\u00edzo das compet\u00eancias que Ihe sejam cometidas por Lei, compete ao Conselho Administrativo: <br> &#8211; Aprovar o projeto de or\u00e7amento anual, em conformidade com as linhas orientadoras definidas pelo Conselho Geral; <br> &#8211; Elaborar o relat\u00f3rio de contas de ger\u00eancia; <br> &#8211; Autorizar a realiza\u00e7\u00e3o de despesas e o respetivo pagamento, fiscalizar a cobran\u00e7a de receitas e verificar a legalidade da gest\u00e3o financeira; <br> &#8211; Zelar pela atualiza\u00e7\u00e3o do cadastro patrimonial.&nbsp;<\/p>\n\n\n\n\n<p style=\"text-align: center;\"><span style=\"text-align: center;\"><b>Funcionamento<\/b>&nbsp;<\/span><\/p>\n\n\n\n\n<p style=\"font-size: medium; text-align: justify;\">O Conselho Administrativo re\u00fane ordinariamente uma vez por m\u00eas e extraordinariamente sempre que o Presidente o convoque, por sua iniciativa ou a requerimento de qualquer dos restantes membros. &nbsp;<\/p>\n\n\n\n\n<p style=\"text-align: center;\"><span style=\"font-weight: bolder; text-align: center;\">Composi\u00e7\u00e3o do Conselho Administrativo 2026\/2030<\/span><span style=\"text-align: center;\">&nbsp;<\/span><\/p>\n\n\n\n\n\n\nCargo&nbsp;\nNome\n\n\nPresidente\nAnt\u00f3nio Soares Marques (Diretor)\n\n\nVice-Presidente\nJoaquim Afonso Cunha Pinharanda (Sub-diretor)\n\n\nSecret\u00e1ria\nMaria Nazar\u00e9 Guilhoto Mendo Pereira (Coordenadora T\u00e9cnica)\n\n\n\n\n","protected":false},"excerpt":{"rendered":"","protected":false},"author":1,"featured_media":0,"parent":0,"menu_order":0,"comment_status":"closed","ping_status":"closed","template":"","meta":{"pagelayer_contact_templates":[],"_pagelayer_content":"","footnotes":""},"class_list":["post-82","page","type-page","status-publish","hentry"],"_links":{"self":[{"href":"https:\/\/aepinhel.org\/site\/wp-json\/wp\/v2\/pages\/82","targetHints":{"allow":["GET"]}}],"collection":[{"href":"https:\/\/aepinhel.org\/site\/wp-json\/wp\/v2\/pages"}],"about":[{"href":"https:\/\/aepinhel.org\/site\/wp-json\/wp\/v2\/types\/page"}],"author":[{"embeddable":true,"href":"https:\/\/aepinhel.org\/site\/wp-json\/wp\/v2\/users\/1"}],"replies":[{"embeddable":true,"href":"https:\/\/aepinhel.org\/site\/wp-json\/wp\/v2\/comments?post=82"}],"version-history":[{"count":8,"href":"https:\/\/aepinhel.org\/site\/wp-json\/wp\/v2\/pages\/82\/revisions"}],"predecessor-version":[{"id":835,"href":"https:\/\/aepinhel.org\/site\/wp-json\/wp\/v2\/pages\/82\/revisions\/835"}],"wp:attachment":[{"href":"https:\/\/aepinhel.org\/site\/wp-json\/wp\/v2\/media?parent=82"}],"curies":[{"name":"wp","href":"https:\/\/api.w.org\/{rel}","templated":true}]}}

<p style="font-size: medium; text-align: justify;">O Conselho Administrativo é o órgão deliberativo em matéria administrativo-financeira do Agrupamento, nos termos da Lei em vigor.&nbsp;</p>




<p style="text-align: center;"><span style="font-weight: bolder; text-align: center;">Competências</span><span style="text-align: center;">&nbsp;</span></p>




<p style="font-size: medium; text-align: justify;">Sem prejuízo das competências que Ihe sejam cometidas por Lei, compete ao Conselho Administrativo: <br> &#8211; Aprovar o projeto de orçamento anual, em conformidade com as linhas orientadoras definidas pelo Conselho Geral; <br> &#8211; Elaborar o relatório de contas de gerência; <br> &#8211; Autorizar a realização de despesas e o respetivo pagamento, fiscalizar a cobrança de receitas e verificar a legalidade da gestão financeira; <br> &#8211; Zelar pela atualização do cadastro patrimonial.&nbsp;</p>




<p style="text-align: center;"><span style="text-align: center;"><b>Funcionamento</b>&nbsp;</span></p>




<p style="font-size: medium; text-align: justify;">O Conselho Administrativo reúne ordinariamente uma vez por mês e extraordinariamente sempre que o Presidente o convoque, por sua iniciativa ou a requerimento de qualquer dos restantes membros. &nbsp;</p>




<p style="text-align: center;"><span style="font-weight: bolder; text-align: center;">Composição do Conselho Administrativo 2026/2030</span><span style="text-align: center;">&nbsp;</span></p>






Cargo&nbsp;
Nome


Presidente
António Soares Marques (Diretor)


Vice-Presidente
Joaquim Afonso Cunha Pinharanda (Sub-diretor)


Secretária
Maria Nazaré Guilhoto Mendo Pereira (Coordenadora Técnica)
