{"id":878,"date":"2026-09-02T00:22:03","date_gmt":"2026-09-02T00:22:03","guid":{"rendered":"https:\/\/aepinhel.org\/site\/?page_id=878"},"modified":"2026-09-02T00:36:25","modified_gmt":"2026-09-02T00:36:25","slug":"tecnico-de-protecao-civil","status":"publish","type":"page","link":"https:\/\/aepinhel.org\/site\/tecnico-de-protecao-civil\/","title":{"rendered":"T\u00e9cnico de Prote\u00e7\u00e3o Civil"},"content":{"rendered":"\n\n\n\n<p><font size=\"3\"><strong>Descri\u00e7\u00e3o Geral da Qualifica\u00e7\u00e3o (Miss\u00e3o)<\/strong><\/font><\/p>\n\n\n<p [object NamedNodeMap]><font size=\"3\">Participar na elabora\u00e7\u00e3o de planos de emerg\u00eancia de prote\u00e7\u00e3o civil, desenvolver atividades de avalia\u00e7\u00e3o e preven\u00e7\u00e3o de riscos e vulnerabilidades, bem como apoiar opera\u00e7\u00f5es de prote\u00e7\u00e3o e socorro, e ainda, realizar a\u00e7\u00f5es de sensibiliza\u00e7\u00e3o e informa\u00e7\u00e3o p\u00fablica sobre Prote\u00e7\u00e3o Civil.<\/font><\/p>\n\n\n<p><font size=\"3\"><b>Atividades Principais<\/b><\/font><\/p>\n\n\n<p style=\"text-align: justify;\"><font size=\"3\">&nbsp;&#8211; Participar na implementa\u00e7\u00e3o, monitoriza\u00e7\u00e3o e atualiza\u00e7\u00e3o de planos de prote\u00e7\u00e3o civil.<\/font><\/p><p style=\"text-align: justify;\"><font size=\"3\">&nbsp;&#8211; Assegurar o invent\u00e1rio de meios e recursos inerentes \u00e0s atividades de prote\u00e7\u00e3o civil.<\/font><\/p><p style=\"text-align: justify;\"><font size=\"3\">&nbsp;&#8211; Garantir o apoio log\u00edstico nas opera\u00e7\u00f5es de prote\u00e7\u00e3o civil.<\/font><\/p><p style=\"text-align: justify;\"><font size=\"3\">&nbsp;&#8211; Participar na organiza\u00e7\u00e3o de exerc\u00edcios e simulacros de interven\u00e7\u00e3o em situa\u00e7\u00f5es de prote\u00e7\u00e3o civil.<\/font><\/p><p style=\"text-align: justify;\"><font size=\"3\">&nbsp;&#8211; Participar em a\u00e7\u00f5es de sensibiliza\u00e7\u00e3o e forma\u00e7\u00e3o, bem como em campanhas de informa\u00e7\u00e3o junto dos cidad\u00e3os sobre medidas preventivas e condutas de autoprote\u00e7\u00e3o.<\/font><\/p><p style=\"text-align: justify;\"><font size=\"3\">&nbsp;&#8211; Realizar fun\u00e7\u00f5es administrativas nos servi\u00e7os de prote\u00e7\u00e3o civil.<\/font><\/p>\n\n\n<p><font size=\"3\"><strong>Planos Curriculares<\/strong><\/font><br><\/p>\n\n\n\n\n\n<p>Brevemente dispon\u00edvel<\/p>\n\n\n","protected":false},"excerpt":{"rendered":"","protected":false},"author":1,"featured_media":0,"parent":0,"menu_order":0,"comment_status":"closed","ping_status":"closed","template":"","meta":{"pagelayer_contact_templates":[],"_pagelayer_content":"","footnotes":""},"class_list":["post-878","page","type-page","status-publish","hentry"],"_links":{"self":[{"href":"https:\/\/aepinhel.org\/site\/wp-json\/wp\/v2\/pages\/878","targetHints":{"allow":["GET"]}}],"collection":[{"href":"https:\/\/aepinhel.org\/site\/wp-json\/wp\/v2\/pages"}],"about":[{"href":"https:\/\/aepinhel.org\/site\/wp-json\/wp\/v2\/types\/page"}],"author":[{"embeddable":true,"href":"https:\/\/aepinhel.org\/site\/wp-json\/wp\/v2\/users\/1"}],"replies":[{"embeddable":true,"href":"https:\/\/aepinhel.org\/site\/wp-json\/wp\/v2\/comments?post=878"}],"version-history":[{"count":5,"href":"https:\/\/aepinhel.org\/site\/wp-json\/wp\/v2\/pages\/878\/revisions"}],"predecessor-version":[{"id":885,"href":"https:\/\/aepinhel.org\/site\/wp-json\/wp\/v2\/pages\/878\/revisions\/885"}],"wp:attachment":[{"href":"https:\/\/aepinhel.org\/site\/wp-json\/wp\/v2\/media?parent=878"}],"curies":[{"name":"wp","href":"https:\/\/api.w.org\/{rel}","templated":true}]}}

Técnico de Proteção Civil

<p><font size="3"><strong>Descrição Geral da Qualificação (Missão)</strong></font></p>


<p [object NamedNodeMap]><font size="3">Participar na elaboração de planos de emergência de proteção civil, desenvolver atividades de avaliação e prevenção de riscos e vulnerabilidades, bem como apoiar operações de proteção e socorro, e ainda, realizar ações de sensibilização e informação pública sobre Proteção Civil.</font></p>


<p><font size="3"><b>Atividades Principais</b></font></p>


<p style="text-align: justify;"><font size="3">&nbsp;&#8211; Participar na implementação, monitorização e atualização de planos de proteção civil.</font></p><p style="text-align: justify;"><font size="3">&nbsp;&#8211; Assegurar o inventário de meios e recursos inerentes às atividades de proteção civil.</font></p><p style="text-align: justify;"><font size="3">&nbsp;&#8211; Garantir o apoio logístico nas operações de proteção civil.</font></p><p style="text-align: justify;"><font size="3">&nbsp;&#8211; Participar na organização de exercícios e simulacros de intervenção em situações de proteção civil.</font></p><p style="text-align: justify;"><font size="3">&nbsp;&#8211; Participar em ações de sensibilização e formação, bem como em campanhas de informação junto dos cidadãos sobre medidas preventivas e condutas de autoproteção.</font></p><p style="text-align: justify;"><font size="3">&nbsp;&#8211; Realizar funções administrativas nos serviços de proteção civil.</font></p>


<p><font size="3"><strong>Planos Curriculares</strong></font><br></p>





<p>Brevemente disponível</p>
